{"id":68,"date":"2021-11-02T06:08:10","date_gmt":"2021-11-02T06:08:10","guid":{"rendered":"https:\/\/projekttrivsel.dk\/?page_id=68"},"modified":"2021-11-02T06:08:10","modified_gmt":"2021-11-02T06:08:10","slug":"aktivitetsraad","status":"publish","type":"page","link":"https:\/\/projekttrivsel.dk\/?page_id=68","title":{"rendered":"Aktivitetsr\u00e5d"},"content":{"rendered":"\n<p>Beskrivelse af aktivitetsr\u00e5det og Teams-adgangen. Skal denne side opdatere med posts? I s\u00e5 fald skal den laves om til en categori-side, der samler op p\u00e5 posts<\/p>\n","protected":false},"excerpt":{"rendered":"<p>Beskrivelse af aktivitetsr\u00e5det og Teams-adgangen. Skal denne side opdatere med posts? I s\u00e5 fald skal den laves om til en categori-side, der samler op p\u00e5 posts<\/p>\n","protected":false},"author":1,"featured_media":0,"parent":53,"menu_order":0,"comment_status":"closed","ping_status":"closed","template":"","meta":{"qubely_global_settings":"","qubely_interactions":"","_coblocks_attr":"","_coblocks_dimensions":"","_coblocks_responsive_height":"","_coblocks_accordion_ie_support":"","footnotes":""},"class_list":["post-68","page","type-page","status-publish","hentry"],"featured_image_src":null,"featured_image_src_square":null,"_links":{"self":[{"href":"https:\/\/projekttrivsel.dk\/index.php?rest_route=\/wp\/v2\/pages\/68","targetHints":{"allow":["GET"]}}],"collection":[{"href":"https:\/\/projekttrivsel.dk\/index.php?rest_route=\/wp\/v2\/pages"}],"about":[{"href":"https:\/\/projekttrivsel.dk\/index.php?rest_route=\/wp\/v2\/types\/page"}],"author":[{"embeddable":true,"href":"https:\/\/projekttrivsel.dk\/index.php?rest_route=\/wp\/v2\/users\/1"}],"replies":[{"embeddable":true,"href":"https:\/\/projekttrivsel.dk\/index.php?rest_route=%2Fwp%2Fv2%2Fcomments&post=68"}],"version-history":[{"count":1,"href":"https:\/\/projekttrivsel.dk\/index.php?rest_route=\/wp\/v2\/pages\/68\/revisions"}],"predecessor-version":[{"id":69,"href":"https:\/\/projekttrivsel.dk\/index.php?rest_route=\/wp\/v2\/pages\/68\/revisions\/69"}],"up":[{"embeddable":true,"href":"https:\/\/projekttrivsel.dk\/index.php?rest_route=\/wp\/v2\/pages\/53"}],"wp:attachment":[{"href":"https:\/\/projekttrivsel.dk\/index.php?rest_route=%2Fwp%2Fv2%2Fmedia&parent=68"}],"curies":[{"name":"wp","href":"https:\/\/api.w.org\/{rel}","templated":true}]}}